00111111
In base 2, what is 1000000 + -11111000011?
-11110000011
In base 11, what is -12a0 + 2111?
921
In base 11, what is 5 - -56681?
56686
In base 2, what is -11110110110000 + 0?
-11110110110000
In base 2, what is 100101000111000 - 110?
100101000110010
In base 5, what is 4 + 41002002?
41002011
In base 7, what is 1 - -113560?
113561
In base 15, what is -9 - -283d?
2834
In base 3, what is -1 - -1101101112?
1101101111
In base 13, what is -4 + 337?
333
In base 12, what is -561 + -90?
-631
In base 5, what is 10 + -1132142?
-1132132
In base 2, what is -1000110110 + -100101101?
-1101100011
In base 5, what is 4 + 2021144?
2021203
In base 4, what is -110223 - -123323?
13100
In base 10, what is 4 + -44855?
-44851
In base 4, what is 102012 + -2?
102010
In base 9, what is -10718 - 17?
-10736
In base 3, what is -201012200 - -21211?
-200220212
In base 9, what is -488 + -235?
-734
In base 6, what is 100052 - 2112?
53540
In base 6, what is 2 + -425331?
-425325
In base 8, what is -1442654 + 5?
-1442647
In base 14, what is 2170a5 - 3?
2170a2
In base 4, what is -101 + 10010332?
10010231
In base 2, what is 100 - 1111101001001100?
-1111101001001000
In base 11, what is 1a7 + 585?
781
In base 5, what is 231 - 3331?
-3100
In base 6, what is 11 - 110501?
-110450
In base 8, what is -11 - -5767?
5756
In base 5, what is -4 + -2022401?
-2022410
In base 3, what is 2012021102120 + -2?
2012021102111
In base 15, what is 71a + bb?
7d6
In base 13, what is 17b + -3773?
-35c5
In base 9, what is -256 - -146?
-110
In base 15, what is -2 + 2cec4?
2cec2
In base 12, what is 68 - 3587?
-351b
In base 10, what is -68 - 210?
-278
In base 2, what is -11 - -1111010?
1110111
In base 6, what is -115 - 523?
-1042
In base 16, what is -1 - -1df34?
1df33
In base 3, what is -10111220220 + 1001?
-10111212212
In base 9, what is 444 + 167?
622
In base 8, what is 3364 - 4?
3360
In base 2, what is -10101000000 + 11111000?
-10001001000
In base 15, what is 99d1 - -5?
99d6
In base 2, what is 0 - 111010010110?
-111010010110
In base 5, what is -1233423 + 2?
-1233421
In base 4, what is -12210 - 3200?
-22010
In base 16, what is -4 + -3bfaf?
-3bfb3
In base 16, what is 2a9c + 1f?
2abb
In base 14, what is -2 + -90b6?
-90b8
In base 10, what is -174 - 5044?
-5218
In base 6, what is 153120 - -42?
153202
In base 11, what is -aa52 + 4?
-aa49
In base 12, what is 198841 + -5?
198838
In base 11, what is 70642 - -2?
70644
In base 9, what is 25187 + 17?
25215
In base 6, what is -322 + -2141?
-2503
In base 2, what is -110 - -11101111010001?
11101111001011
In base 4, what is -12 + 1123131232?
1123131220
In base 2, what is 10010 + -110?
1100
In base 12, what is -357 - 4?
-35b
In base 5, what is 1123 + -1323144?
-1322021
In base 3, what is 10000121 + -20?
10000101
In base 3, what is 1020110 + -1102?
1012001
In base 5, what is -3104 - 21442?
-30101
In base 13, what is 3 + 16985b?
169861
In base 9, what is -3650 + -477?
-4237
In base 4, what is 10233121223 - 1?
10233121222
In base 6, what is -533 - -5415?
4442
In base 14, what is -21699a + 3?
-216997
In base 13, what is b63 + 127?
c8a
In base 14, what is 8b1b5 + -1?
8b1b4
In base 8, what is 27243 + -417?
26624
In base 3, what is 2 - -2100222?
2101001
In base 2, what is 1001010001001 + -10010010100?
110111110101
In base 15, what is -2 - 40ec8?
-40eca
In base 10, what is -3 - 162816?
-162819
In base 8, what is -716417 - 1?
-716420
In base 5, what is 2423212 - 203?
2423004
In base 5, what is -3 - 1332040?
-1332043
In base 10, what is -2 - -434?
432
In base 5, what is -32 + -212431?
-213013
In base 8, what is -1 + -70070?
-70071
In base 7, what is -3 + -22360?
-22363
In base 13, what is 410 - 86?
357
In base 15, what is -1943 - a?
-194d
In base 10, what is -3 + 14006?
14003
In base 8, what is 1722 + -31?
1671
In base 4, what is -10030220 + 101?
-10030113
In base 3, what is 21011102120 + 1020?
21011110210
In base 8, what is 15342 + 4?
15346
In base 13, what is -166a34 + -4?
-166a38
In base 11, what is a36 + 43?
a79
In base 11, what is -571 - 10?
-581
In base 2, what is -1100101010 - 10001100110?
-11110010000
In base 4, what is -10 - 31313020?
-31313030
In base 8, what is 10467 - 34?
10433
In base 7, what is -11442 - -11?
-11431
In base 12, what is 7 - 274?
-269
In base 10, what is -10005 + 109?
-9896
In base 3, what is -2 - 11022102?
-11022111
In base 9, what is -341 - 212?
-553
In base 16, what is d - d5?
-c8
In base 7, what is -44521 - 1?
-44522
In base 3, what is -11 + -1111111001?
-1111111012
In base 11, what is -7a6 + -3a1?
-1097
In base 9, what is -33 - 5064?
-5107
In base 16, what is 2 - a97e?
-a97c
In base 9, what is 280 - 2207?
-1817
In base 11, what is -27a1 + -310?
-3001
In base 6, what is 1 + 3144?
3145
In base 12, what is 4 + -2a044?
-2a040
In base 2, what is 10011000 - -1?
10011001
In base 12, what is -b05b + 4?
-b057
In base 3, what is -1210200211 - 112?
-1210201100
In base 8, what is 2 + 67137?
67141
In base 7, what is 34 - -65?
132
In base 10, what is -435945 + 5?
-435940
In base 6, what is -1200 - 3031?
-4231
In base 3, what is 2002102 - -1210?
2011012
In base 9, what is 3541460 + 0?
3541460
In base 5, what is -342014 + 202?
-341312
In base 12, what is -2 + -4a6a68?
-4a6a6a
In base 9, what is 135328 - 5?
135323
In base 9, what is 222 - -2335?
2557
In base 5, what is 40323 + -4?
40314
In base 9, what is 18 - 50850?
-50831
In base 5, what is 3 + 11234311?
11234314
In base 4, what is -203022 + 210?
-202212
In base 12, what is -8 - 105ab?
-105b7
In base 5, what is 4414 + 3032?
13001
In base 3, what is 1001 + -102101101?
-102100100
In base 9, what is 3117 - 128?
2878
In base 14, what is -2c - -137?
109
In base 13, what is 307c - -6?
3085
In base 16, what is 550 - -7?
557
In base 13, what is -22 - 7b9b?
-7bc0
In base 10, what is -2346333 - 0?
-2346333
In base 2, what is -101 - 1001110110110110010?
-1001110110110110111
In base 9, what is 134373 - 0?
134373
In base 10, what is 4745 + 171?
4916
In base 3, what is 1200 + 2022211?
2101111
In base 13, what is 57202 - 4?
571cb
In base 15, what is -16 + 15?
-1
In base 11, what is -2054 + 193?
-1971
In base 14, what is -26b7 - 38b?
-2a64
In base 9, what is 4 + -652267?
-652263
In base 14, what is 41 + a963?
a9a4
In base 2, what is 1100100110 - -1000010010?
10100111000
In base 14, what is 4d2 - -9?
4db
In base 10, what is 4 + -8082?
-8078
In base 14, what is 8b + -337?
-28a
In base 2, what is 100001100 + 101110100101?
110010110001
In base 16, what is -2 + -fb2f?
-fb31
In base 16, what is -3 + 1484?
1481
In base 2, what is 11 - 10010110101100000?
-10010110101011101
In base 8, what is -2513 + 2236?
-255
In base 3, what is -10011 + -2110021?
-2120102
In base 9, what is 35744 - 15?
35728
In base 15, what is -11a5 - -e?
-1196
In base 15, what is -4 + -40ca?
-40ce
In base 6, what is 320 + -511?
-151
In base 14, what is -1 - -2644?
2643
In base 8, what is 51332 + -3?
51327
In base 15, what is -644 + -6e?
-6b3
In base 11, what is -37a - 1?
-380
In base 7, what is 131 - 115145?
-115014
In base 2, what is 101 + -1001100001000?
-1001100000011
In base 10, what is 688 - -2970?
3658
In base 3, what is 1 - 1011120121110?
-1011120121102
In base 12, what is 5a3b - 22?
5a19
In base 13, what is 90 - 4716?
-4656
In base 6, what is 12 - 110031?
-110015
In base 12, what is -2671 + 4?
-2669
In base 12, what is 133 - 2140?
-2009
In base 8, what is 466 + -20670?
-20202
In base 10, what is -3440 - 1?
-3441
In base 13, what is 6316c - -5?
63174
In base 3, what is -10122011 + -201222?
-11101010
In base 9, what is 13 - -162845?
162858
In base 15, what is -76c - -20?
-74c
In base 8, what is 656 + -153?
503
In base 6, what is 213 + 35552?
40205
In base 2, what is -1010000011000 - -110100?
-1001111100100
In base 12, what is 55b - -b6?
655
In base 8, what is -1250641 - -1?
-1250640
In base 12, what is -30a8 + 2?
-30a6
In base 3, what is 22 - 20012?
-12220
In base 16, what is -b8 + 2?
-b6
In base 9, what is 5 + 17606?
17612
In base 4, what is -101 - 22122020?
-22122121
In base 9, what is 1 + 16315?
16316
In base 13, what is -2 - 1234?
-1236
In base 13, what is -5 + 1b348?
1b343
In base 7, what is 145065 - 5?
145060
In base 7, what is -3100 - 322?
-3422
In base 16, what is 2d4d6 + -b?
2d4cb
In base 8, what is -1224 - -132?
-1072
In base 4, what is 2023302323